 -9 + 3). Let x(d) = -4 + c - 2946*d - 6. Is x(-1) a composite number?
False
Suppose 4*v - n = 48927, 56*v = 57*v - 3*n - 12218. Is v prime?
False
Is 4/(-10) + (-43)/(3225/(-2707155)) a composite number?
True
Let p = 583 + -578. Suppose b + 2*d = -2*d + 3117, 0 = -p*b - 4*d + 15553. Is b prime?
True
Let q(t) = 221*t**2 - 56*t + 526. Is q(9) composite?
False
Let m = 74 + -30. Let q = m + -37. Suppose 0 = -q*b + 6*b + 287. Is b a prime number?
False
Suppose -10*o - 12 = -14*o. Suppose o*j + 3*j - 30 = 0. Suppose -34006 = -5*d + j*g + 21854, -22329 = -2*d + 5*g. Is d a composite number?
False
Let n(y) = -9*y**2 + 24*y + 9. Let k(m) = -5*m**2 + 12*m + 4. Let u(f) = -7*k(f) + 3*n(f). Let z be u(7). Let c = -166 + z. Is c prime?
False
Let n = -1003 + 2654. Let f = -523 - n. Is 3/((-1)/f*6) a prime number?
True
Suppose -4*g = 5*q - 1661071, -2*q - 295353 + 959809 = -3*g. Is q a prime number?
True
Let s be (-272)/(-128) - (-2)/(-16) - -926. Suppose 57*n - 32303 = s. Is n a prime number?
False
Let r(v) = 18*v**2 - 6*v - 9. Let x be r(-3). Let s be x/(-45) + 1/(-5). Is ((-514)/s)/(4/40) composite?
True
Suppose 78*i - 56*i = 2427326. Is i composite?
True
Let d(n) = -20751*n**3 + 3*n**2 - 18*n - 43. Is d(-2) prime?
True
Let o = -19 + 25. Let g(b) = b**3 - 7*b**2 + 9*b - 14. Let y be g(o). Is 1 - y - (-13 + -2043) composite?
False
Let n(w) = 7 - w + w**2 + 9 - 17. Let f(p) = 128*p**2 - 2*p - 3. Let q(d) = f(d) - 4*n(d). Is q(-1) a prime number?
False
Suppose 0 = -g - 20 - 5. Let z = 121 + 7. Let r = g + z. Is r composite?
False
Let s(v) be the first derivative of -51*v**2/2 + 22*v + 105. Is s(-9) prime?
False
Let u = -10582 - -22355. Is u prime?
False
Let a(i) = 87*i - 17. Let m be a(19). Let q = 8991 - m. Is q composite?
True
Suppose -4*m - 3*v = -14, 8*v + 10 = 3*m + 10*v. Suppose 19012 = 2*s + 2*s + 2*r, s - m*r - 4753 = 0. Suppose 9*k - s = 1358. Is k prime?
False
Let k(x) = x**3 - 10*x**2 + 6*x + 93127. Is k(0) a composite number?
True
Let h = 29 + -6. Suppose -17*m + h*m - 64536 = 0. Suppose -3*j - u + 2*u + m = 0, 0 = 3*u - 15. Is j prime?
False
Let c(j) = -24*j - 44. Let q be c(-6). Let f be q/72*-2 + (-4)/18. Is (-5857)/(f*(-4)/(-12)) prime?
True
Let l(i) = -1393*i + 3987. Is l(-74) composite?
False
Let k(a) = 186303*a + 487. Is k(2) a prime number?
False
Suppose -2*p - 3*n + 4*n = 132, 5*p - 5*n + 325 = 0. Is p/2*(-4 - -374)/(-5) a prime number?
False
Let c(p) = 2*p**3 + 155*p**2 + 295*p - 175. Is c(-74) composite?
True
Let q(v) = -11*v - 3. Let i be q(6). Let c = i - -52. Is c/(-51) + (-7186)/(-6) a composite number?
True
Let f(g) be the third derivative of 1/6*g**3 + 4*g**2 + 1/12*g**4 + 0*g + 67/12*g**5 + 0. Is f(2) a prime number?
False
Let r = 92342 + 249375. Is r a composite number?
True
Let n(c) be the third derivative of 355*c**4/3 + 45*c**3/2 + 202*c**2. Is n(2) a composite number?
True
Is 71283*7/(-63)*-69 + -10 a composite number?
True
Let v = 9445 - 6496. Suppose -29*x = -28*x - v. Is x a prime number?
False
Let h be ((-4)/1 - -2)/((-2)/4). Let o be (-5 + (-189)/(-49))/(h/(-14)). Suppose -o*b + 1780 = -1104. Is b prime?
False
Let f = -6 - -8. Let y be 88/14 + 12/(-42) + -34. Is f/8 - 1057/y a prime number?
False
Suppose -3*z = -h + 3*h - 56833, 4*h + 16 = 0. Is z a prime number?
True
Let d(u) = -8*u**2 + 4*u - 154. Let j(b) = -7*b**2 + 3*b - 155. Let q(l) = 6*d(l) - 7*j(l). Let t be (-2 - -2)/(-5 - -3). Is q(t) composite?
True
Let h(s) = 8931*s**3 + 3*s**2 - 13. Is h(2) a prime number?
False
Let f(q) = -q**3 - 95*q**2 + 260*q + 129. Is f(-113) a prime number?
True
Suppose 2*r + 3*b = 458888, -r - 4*b + 139142 = -90307. Is r prime?
False
Let n be 2 - (1 - (0/2 - 3758)). Let u = -1001 - n. Suppose 3*l - 5*z + 2760 = 8*l, 5*l - u = -z. Is l a composite number?
True
Suppose 0 = 11*p + 37 - 103. Suppose p*m + 16674 = 12*m. Is m prime?
False
Suppose w - 3752 = -3*i + 3837, -5*w - 4*i = -38011. Is w prime?
True
Let r = 96681 - 14402. Is r a composite number?
False
Let u = -67 + 72. Suppose u*r - 25 + 5 = 0. Suppose -6*y - 3805 = -r*k - 11*y, k = -5*y + 940. Is k a composite number?
True
Let s be 10/2 - 2 - (24 + -21). Suppose 4*w + s*w = 1972. Is w composite?
True
Let i(d) = -d**3 - 7*d**2 + 9*d + 8. Let x be i(-8). Let p = 247 - 252. Is (-4 + x - p)*709 a prime number?
True
Let k(d) = 36*d**3 + 4*d**2 + 9*d - 8. Let j be k(4). Let l = j + -573. Is l prime?
True
Let t(d) = 450*d**2 - 66*d + 27. Is t(14) prime?
False
Let c(y) = -2*y**2 + 3*y + 20. Let j be c(0). Suppose -19*w + j*w + 3 = 0. Is ((-43)/w)/(1/9) prime?
False
Suppose -m = -5*l + 15, -m = -4*l + 3*l + 3. Suppose -u + 3*y + 34758 = -27688, -62476 = -u - l*y. Is u prime?
False
Suppose 3*b - 52 = 5*h, 4*b + 2*h - 11 = 15. Suppose -5*g = -16 - b. Suppose -g*s = -7*s + 4006. Is s a composite number?
False
Let y(r) = 2*r**2 + r + 27. Let m(s) = s**2 + 28. Let q(t) = -3*m(t) + 4*y(t). Let j be q(23). Let w = -1044 + j. Is w a prime number?
False
Is 10 + 5 + -28 - -125750 composite?
False
Is (-3612)/602*165622/(-4) prime?
False
Suppose 98*r - 9954099 - 11309562 = -2143567. Is r composite?
False
Suppose u - 4*k + 2 = 0, -10*k - 7 = -5*u - 7*k. Suppose 0*j = u*j - 2878. Is j a composite number?
False
Suppose 0*b + 9915 = 5*z - 5*b, 4*z = -2*b + 7902. Suppose 8831 - z = 11*w. Is w composite?
True
Let n be (10/3)/(3/9). Suppose 0 = n*q - 5208 - 13802. Is q composite?
False
Suppose 21*s + 5*c = 20*s - 20, 0 = -2*s + 3*c + 25. Suppose -5*i + 897 = -5*r + 3412, s*r - i = 2499. Is r composite?
False
Suppose -2*r + 26 = -w + 12, -26 = w + 4*r. Is (w/12)/(6/(-2756)) a composite number?
True
Let u(k) = 91 - 130*k + 2 + 139 + 5*k**2 + 120*k. Is u(-17) composite?
False
Let d = 48836 - 33326. Suppose -7*o + 4*w = -12*o + d, w = 3*o - 9323. Is o a composite number?
True
Let n be (44/16)/(-2*2/(-48)). Let l be 6 - 8 - (0 - n). Suppose l*g + 1531 = 32*g. Is g composite?
False
Let o(f) = 109*f - 24. Let q be o(8). Suppose -2*d = -3*j - 1929, -d + q = -2*j - 114. Let r = d - 458. Is r a composite number?
True
Let z(o) = -o - 1. Let g(v) = -175*v**2 - 15*v + 67. Let s(i) = -g(i) - 4*z(i). Is s(4) prime?
False
Let h = -8424 + 8602. Is h composite?
True
Is (4/10)/(82/24731405) a composite number?
False
Suppose -669*d = -50338135 - 9798944. Is d composite?
False
Let p = 2584 + -426. Suppose t + 2158 = w + 5*t, p = w + 3*t. Is w + (6 - 4) + -5 composite?
True
Let w(n) = -16235*n - 161. Is w(-8) composite?
False
Let u(j) = -2*j**3 + 50*j**2 - 10*j + 66. Let f be u(28). Let m = f + 17519. Is m composite?
False
Is (7522 + 0)/(2 - 0/6) prime?
True
Let i(v) = -27*v**2 + 6*v + 3. Let t(p) = 40*p**2 - 9*p - 4. Let d(b) = 7*i(b) + 5*t(b). Let u be d(-4). Let k = u - 92. Is k composite?
False
Let x = -40 - -42. Let o = x + -2. Is 1*2020 + 2 + (o - 5) a composite number?
False
Suppose -75*d + 77*d = 142046. Is d composite?
False
Let w(a) be the first derivative of 325*a**2/2 + 43*a - 163. Is w(12) a prime number?
True
Let n(m) = -m**3 + 19*m**2 - 19*m + 22. Let k be n(18). Suppose d + 0*d + 5*j - 6 = 0, -5*j + 51 = -k*d. Let a = d + 3842. Is a prime?
True
Let q(i) = 2838*i - 263. Is q(3) a composite number?
True
Let u(b) = 64*b**3 - 14*b**2 + 14*b - 5. Let g be u(9). Let a be 3/2 + g/26. Suppose -6*q - q = -a. Is q a composite number?
False
Let j(z) = -192380*z - 109. Is j(-12) prime?
True
Let w be (8/6)/((-12)/18). Let g be -1*(-3 - (-2)/w). Suppose -958 = -g*z + 2*z. Is z composite?
False
Let q(s) = 53*s**3 + 4*s**2 - s + 1. Let k be q(3). Let g be (-2741)/4 - (55/20 + -2). Let l = k + g. Is l composite?
True
Suppose -6 = -3*d + 2*s, -4*s - 14 + 6 = -4*d. Let w = d + -3. Is (w - -1) + 23 - 1 a composite number?
True
Let t = 106 + -74. Suppose -t*p = -37*p + 14095. Is p prime?
True
Suppose -x = -4*d - 13, -x - 4*x + d = -84. Suppose -3*t + x = 2*t + y, 0 = 3*t + 2*y - 6. Suppose -t*r = -r - 255. Is r a prime number?
False
Let i = 3112633 - 1743150. Is i prime?
True
Suppose 0 = 5*y + 2*s - 4845, 7*y - 5*y - 1917 = -5*s. Let c = 512 + y. Is c composite?
False
Let s(q) be the third derivative of q**6/24 + 23*q**5/60 - q**4/4 + 11*q**3/6 + 166*q**2. Is s(17) prime?
True
Suppose -6*a = 8*a - 399588. Suppose 11*j - 17*j = -a. Is j a composite number?
True
Suppose -4*v = 4*w - 3866 - 63290, -w - 67181 = -4*v. Suppose -2*o 